**2 + 17*j - 23956. Let p be 8/(-2)*(2 - 0). Determine o(p).
1
Suppose 7*f + 15 = 2*f. Let c(m) be the second derivative of -5*m + 1/3*m**3 - 1/2*m**2 - 1. Calculate c(f).
-7
Let t = 25 - 23. Suppose -5*h - t*v + 46 = -h, -5*h + 61 = -v. Let w(x) = 25 - 5*x - h - 12 + x**2. What is w(5)?
1
Let v be (-3)/(-12)*(-40)/30*6. Let h(y) = 4*y**2 - 3*y - 2. Determine h(v).
20
Let x(u) be the first derivative of u**2/2 - 2*u - 1. Let f(m) = -27 - 342*m**2 + 92*m - 17*m + 333*m**2. Let o be f(8). Give x(o).
-5
Let w = 16611 + -16619. Let a(f) = 2*f**2 + 9*f - 15. Give a(w).
41
Let t(v) = -v**3 - 113*v**2 - 226*v - 441. Let g be t(-111). Let y(b) = -b**3 + b**2 - 2*b. Give y(g).
-24
Suppose 64 = 7*t + 22. Suppose t = 2*r, 4*j + 46 = 3*r + 9. Let w(n) = -n**2 - 6*n + 14. Calculate w(j).
7
Suppose 5*h + 2*z - 190 = -z, -3*z - 20 = -h. Let g(q) = -h*q**2 + 76*q**2 - q**3 + 4 + 4*q - 44*q**2. Suppose 4*s = -13 - 3. What is g(s)?
4
Let y(c) be the second derivative of -c**3/2 + 33*c**2/2 - 5*c + 44. Calculate y(-2).
39
Suppose 35*w + 3168 = 38*w + 3*d, 0 = 4*w + 5*d - 4220. Let r = w - 1064. Let g(q) be the second derivative of q**3/6 + q**2/2 + q. What is g(r)?
-3
Let q be (40/(-20))/(0 - 2/3). Let l(t) = -6*t**3 - 6*t**2 - 6 + 11*t**q - 4*t**3 + 6*t. Determine l(4).
-14
Let q(v) be the second derivative of -v**3/3 + 3*v**2 + 41*v. Let z be (-16)/(-3) + (-5)/15 + 1. Give q(z).
-6
Let v(i) = -2*i**3 - 7*i**2 - 7*i + 2. Let p = 11710 - 11712. Calculate v(p).
4
Let f(s) be the third derivative of -s**6/120 + 17*s**5/60 - 5*s**4/8 - 23*s**3/6 + 117*s**2. Give f(16).
-7
Let y(x) be the second derivative of 5*x**3/3 - 83*x**2/2 + 153*x - 1. Determine y(8).
-3
Let b(f) = 10*f + 5. Let s be b(0). Suppose -x = -4*n + 33, s*n = -2*x - 7 + 58. Let g(r) = -r**3 + 8*r**2 + 7*r + 6. What is g(n)?
-12
Suppose -22 = 4*k + 6. Let g be (-8)/(-30)*10 - (-4)/(-6). Let h(d) = 3*d - 2*d + 81 - g*d - 78 + 2*d. Calculate h(k).
-4
Let i(c) = -11*c - 4. Let u be (7 + 468/(-60))/((-16)/(-120)). Give i(u).
62
Let r(g) = 32*g + 7 + 7 - 83*g + 24*g + 28*g. What is r(-6)?
8
Let d = 265 - 265. Suppose d = -18*p + 20 + 34. Let c(v) = -v**3 + 4*v**2 - 5*v + 4. What is c(p)?
-2
Let c(j) = -j**3 + 8*j**2 + 6. Let a be (-6)/(-75) + (-84984)/(-200). Suppose 6*h + 377 = a. Calculate c(h).
6
Suppose -5*w + 16 = 6. Let b(o) = -o - 4*o + 4*o + 5 - 4*o. Give b(w).
-5
Let i(m) = -m**3 - 35*m**2 - 85*m - 28. Let t be i(-2). Let q(p) = 5*p - 45. Calculate q(t).
5
Let v(a) = a**2 - 4*a. Let r = -18 + 20. Suppose 9 = s - y, s - r*s = y - 9. Suppose s + 3 = 4*l. Give v(l).
-3
Let t(p) = -5*p + 3391*p**3 + 1 - 3390*p**3 + 0*p + 0*p - 4*p**2. Let q = 16 - 11. What is t(q)?
1
Suppose -5*r = 4*y - 9, -1459*y - 3*r = -1463*y - 63. Let i(j) = 3*j**2 + 22*j - 32. Determine i(y).
13
Let p(h) = h**3 + 8*h**2 - h + 4. Let o(k) = -k**3 - 16*k**2 - 41*k - 15. Let m be o(-13). Suppose -136 = 28*j - m*j. Give p(j).
12
Let q(j) = 5*j + 8. Let b be -2 + (17/((-340)/(-16)) - 8/10). What is q(b)?
-2
Let q(g) = -3*g**2 + 6*g + 1. Let w = 21345 + -21342. What is q(w)?
-8
Let v(u) = -u**2 - 19*u - 6. Let a be v(-18). Let g(s) = a + 10*s**2 - 3*s + s - 6*s + 16*s + s**3. Give g(-9).
21
Let d(y) be the third derivative of 11*y**5/60 + y**4/12 - 2*y**3 + 11*y**2 + 9*y. Let w(c) = 31*c**2 + 5*c - 35. Let k(j) = 17*d(j) - 6*w(j). Give k(-2).
2
Let d(c) = 4*c + 41. Let n be d(-9). Suppose n*l = 4*q - 6, 13*q - 14 = 10*q - l. Let k(a) = -a**3 + 4*a**2 + 2*a - 3. Determine k(q).
5
Let s(v) = -63*v + 317. Let y be s(5). Let a(k) = 11*k**3 - k**2 - 1. What is a(y)?
83
Let t(k) = k**2 + 8*k + 2. Suppose 0 = 4*i + 2*z + 8 - 58, -i + z = -8. Suppose i*b = -91 - 8. Calculate t(b).
11
Let x(k) = 56*k + 47. Let c be x(-1). Let n(l) = 2*l**2 + 17*l - 16. Give n(c).
-7
Let r be (32/(-80))/((-4)/110). Let l(v) = -4*v**2 + 45*v + 1. Give l(r).
12
Let w(q) = -4*q**2 + 306*q - 17. Let k(n) = n**2 - 68*n + 4. Let r(h) = -9*k(h) - 2*w(h). Let j = 0 - 0. Determine r(j).
-2
Let b(w) = -w**2 + 13*w - 1. Let j(o) = -141 - 73 - 43 - 31*o + 37*o. Let z be j(45). Determine b(z).
-1
Let t(u) = -u**3 + 5*u**2 + 2*u - 5. Let s(k) = -16*k**3 + k**2 - 4*k - 4. Let f be s(-1). Let b = 19 - f. Suppose -b*z = -22 + 12. Calculate t(z).
5
Let q be ((-12)/(-9))/((-8)/(-60)). Let n(x) = x**2 - 6*x + 22. Let k be n(q). Let v = 57 - k. Let j(l) = -l**3 - 6*l**2 - 3*l + 7. What is j(v)?
-3
Let p(d) = d - 7. Let x be (-6)/5*(-20)/6. Suppose -2*f = v - 13, -10*f + 7*f + 32 = 4*v. Suppose v*m = -15, 11*t - 6*t = x*m + 47. What is p(t)?
0
Let c(l) be the third derivative of -l**6/60 + l**5/12 + l**4/8 - l**3 + 4645*l**2. Calculate c(3).
-6
Let s = 46 + -49. Let a be 1 + 2 + s - (1 + -2). Let n(p) = -4*p**2 + p - 1. Give n(a).
-4
Let h(n) = 279*n - 283. Let s(t) = -234*t + 283. Let i(d) = 5*h(d) + 6*s(d). Calculate i(32).
-5
Let n(l) = l**3 - 15*l**2 + 13*l + 10. Let m = -440 - -344. Let j be m/(-7) + (-2)/(-7). Calculate n(j).
-4
Let a = -386 - -1039. Let o = 643 - a. Let c(m) = m**2 + 12*m + 11. Determine c(o).
-9
Let v(a) = 26*a + 262. Let w be v(-10). Let m(r) = -8*r + 24. Calculate m(w).
8
Let q(a) = -15*a**2 + 29*a - 3. Let h(r) = 2*r**3 - 24*r**2 + 30*r - 86. Let t be h(11). Give q(t).
-5
Let f(o) = o**3 + 4*o**2 - 4*o - 7. Let m(b) = -164*b - 497. Let n be m(-3). Determine f(n).
-12
Let w(b) = -13*b**3 - b**2 - b - 11. Let n(v) = 12*v**3 + v**2 + v + 9. Let m(t) = 6*n(t) + 5*w(t). Suppose -5*q = 1 + 4. Let g be (4/2)/(q + 3). Give m(g).
8
Let b(v) = v**3 - 15*v**2 - 75*v + 701. Let a be b(17). Let x(k) be the first derivative of 1/4*k**a + 0*k**2 - 2*k + 22 + 4/3*k**3. Determine x(-4).
-2
Let v be 4/6 + 2/6. Let b(x) = -11*x + 11. Let q(i) = -5*i + 9. Let z(u) = -15*u + 29. Let f(c) = -7*q(c) + 2*z(c). Let g(j) = 4*b(j) + 9*f(j). Give g(v).
0
Let g(y) = -y**3 - 4*y**2 + 3*y + 5. Let v be g(-4). Let n = -308 - -321. Let h(o) = -n*o + 4*o + 5*o + 3*o - 4. Give h(v).
3
Suppose 7*h - 2*h + 4*k = 501, 0 = 5*h - 4*k - 469. Let j(z) = -6*z**2 + 13*z**2 + h*z - z**3 - 88*z. Calculate j(8).
8
Let q(g) = -3*g**2 + 14*g + 6. Let h(x) = -101*x - 299. Let o be h(-3). Calculate q(o).
14
Let u(v) = v**2 - 42. Let r = -1178 + 1994. Let p = r + -816. Determine u(p).
-42
Let t(d) = 16175*d**2 - 8091*d**2 - 8085*d**2 - 12*d - 20. Calculate t(-9).
7
Let a(k) = -k**3 + 41*k**2 - 75*k - 123. Let c be a(39). Let m(z) = 7*z + 34. Determine m(c).
-8
Let l(h) = h**2 - 2*h - 3. Let i be 5590/208 + 1/8. Suppose -17 = -i*y + 64. Calculate l(y).
0
Let z = 17 - 12. Let x(s) = -89*s**3 - 5*s**2 + 10*s - 3. Let i(h) = -127*h**3 - 8*h**2 + 15*h - 5. Let g(t) = -7*i(t) + 10*x(t). Determine g(z).
5
Let i(a) = -9*a**3 - 14*a**2 + 33*a + 1. Let r(j) = -25*j**3 - 41*j**2 + 91*j + 4. Let y(v) = 11*i(v) - 4*r(v). Determine y(-5).
125
Let u(q) be the second derivative of -3*q**5/20 - 7*q**4/4 + q**3/6 + 7*q**2/2 - 2523*q. What is u(-7)?
0
Let y(g) = g + 18. Let h(x) = 2*x + 36. Let o(d) = -d - 18. Let r(k) = 6*h(k) + 13*o(k). Let p = 29 - 25. Let i(z) = p*y(z) + 3*r(z). Determine i(0).
18
Let z(f) be the third derivative of 5*f**4/12 + 2*f**3/3 - 2*f**2 - 31. Let y(v) = -12*v - 4. Let c(b) = -3*y(b) - 4*z(b). Determine c(-4).
12
Let x(c) = c**3 + 6*c**2 - 4*c - 9. Suppose 4*y + 5*d + 28 = 0, 2*d + 454 = y + 461. What is x(y)?
-30
Suppose -p - 4*k = -46, p - 3*k = 16 + 37. Suppose -125 = -5*l - 3*u, 9 + 16 = l - u. Let z(s) = s**2 - l + s + p - 30. Determine z(-4).
7
Let k(z) = 7*z + 333 - 8*z - 328. What is k(12)?
-7
Let s be ((-8)/(-6))/(4/12). Suppose 16 = s*i - 16. Suppose g = i*g. Let k(z) = -z**2 + z - 16. Determine k(g).
-16
Let i(z) be the third derivative of 17*z**4/24 - z**3/3 + 2*z**2 - 7*z + 126. Determine i(-2).
-36
Let w = -102 + 97. Let k(s) = 2*s**2 - 8*s + 7. Let t(p) be the first derivative of -p**3/3 + p**2/2 - p + 35. Let f(y) = -k(y) - 3*t(y). Determine f(w).
-4
Let k(h) = -15*h + 26 - 116 + 25 - 3. Calculate k(-5).
7
Let t = 3974 + -3970. Let f(v) = 4*v - 4. Determine f(t).
12
Suppose -3*g = 2*v - 4 - 24, 2*v - 44 = -5*g. Let i(y) = -y**3 + 8*y**2 + 2*y + 3. Let k be i(g). Let o(t) = k + t**3 - 8 + 782*t**2 - 783*t**2. Calculate o(0).
11
Let c(b) = 49*b**2 - 30*b + 27. Let m be c(8). Let y(h) = m + 5*h + h - 2924. Calculate y(-2).
-13
Let u = -82142 - -82137. Let p(t) be the third der